 3
Let q(b) = -3525*b**3 - 3*b**2 - 11*b - 9. List the prime factors of q(-1).
2, 881
Let j(s) = 4*s**2 + 63*s - 300. What are the prime factors of j(-36)?
2, 3, 109
Suppose 0 = -4*p - f + 5870, -4 = 2*f - 0*f. What are the prime factors of p?
2, 367
Let j = -59 - -99. Suppose -4*t + j = -5*v, -5*v - 75 = 2*t + t. What are the prime factors of (4/(-2))/(2/v)?
2, 3
Suppose 249 = -2*i + b, -496 = 2*i + 2*i - 4*b. Let s = -9 - i. List the prime factors of s.
2, 29
Suppose 0 = 2*u - 716 - 934. What are the prime factors of u?
3, 5, 11
Suppose -15 = -3*x - 5*o, 5*x + 2*o = 3*o - 3. Suppose 3*z = -x*c - 3*c + 363, 4*z - c = 474. What are the prime factors of z?
7, 17
Let n(w) = 309*w - 280. What are the prime factors of n(10)?
2, 5, 281
Let k(j) = 2*j**3 - j**2 - 11*j + 11. What are the prime factors of k(4)?
79
Let k be ((-60)/(-8))/3*2. Suppose -o - k*a = o - 67, -4*o = -4*a - 120. What are the prime factors of o?
31
Suppose -12 = 3*t, 4*u - 2*u - 5*t = 20. Suppose -4*k - 5*b - 98 - 41 = u, -2*b = -10. Let a = k + 65. List the prime factors of a.
2, 3
Suppose -3*o - 4*k + 15 = 0, 5*k - 7 = 2*o + 2*k. What are the prime factors of 222/3 + 0 + o?
3, 5
Let x = 8 + -8. Suppose -3*f + 144 + 117 = x. List the prime factors of f.
3, 29
What are the prime factors of (-36730)/(-60) + (-3)/36*2?
2, 3, 17
Suppose 1261 = 2*y - 3*x, 3*y - 799 - 1125 = -2*x. List the prime factors of y.
2, 11, 29
Let k be (-3 - -1)/(-2 + 1). Suppose -2*s - 5 = 5*w, -3*w - 4 = k*s - 1. Suppose -2*t = -s*t - 16. What are the prime factors of t?
2
Suppose 0 = 4*j - 4*t - 52, -5*t + 2*t = 3. Suppose -3*w = -5*k + 1 - j, k - 4*w = 8. Let u(n) = n**3 + 3*n**2 - 6*n - 1. List the prime factors of u(k).
7
What are the prime factors of (-3)/((-33)/9482*1)?
2, 431
Let s(y) = y + 3. Let r(q) = -q**2 + 4*q + 12. Let b(l) = -2*r(l) + 9*s(l). Suppose -6 = 5*v - 4*n, 5*v = -5*n + 3*n - 12. List the prime factors of b(v).
3
Let t(o) = o**3 - 9*o**2 - o + 13. Let w be t(9). Suppose 2*l = -10, w*p - 95 = 4*l + 121. What are the prime factors of p?
7
Let j be (-5835)/(-135) + (-4)/18. Suppose 3 = -2*y + j. List the prime factors of y.
2, 5
Let h(f) = -f**3 + 7*f**2 + f - 2. Let d(x) = -x + 19. Let b be d(12). What are the prime factors of h(b)?
5
Suppose 3*h + 4*d = 1, -2*d = -4*h + 15 + 1. List the prime factors of (-4)/(12/(-2394)*h).
2, 7, 19
Let x(l) = 4*l + 62. Let p(w) = 2*w - 2. Let n be p(10). What are the prime factors of x(n)?
2, 67
Suppose -3*t + 2*t - 1245 = -4*a, 0 = 3*a - 5*t - 938. List the prime factors of a.
311
Let d(m) = m + 2*m + 10*m + 3*m. What are the prime factors of d(4)?
2
Let m = -42 + 44. Suppose 15 = m*s + 9. What are the prime factors of s?
3
Let j be -1 + 6 + -2 - 33. What are the prime factors of (-220)/(-25)*j/(-4)?
2, 3, 11
Suppose -5*y - w + 792 = -810, 0 = -4*y + w + 1278. Suppose a + y = 6*a. Suppose 2*m - 2 - a = 0. List the prime factors of m.
3, 11
Suppose -4*w + 189 = u, 0 = 5*u - 8*u + 4*w + 599. List the prime factors of u.
197
Let q(o) = -7*o**3 + 2*o**2 - 21*o - 22. List the prime factors of q(-5).
2, 3, 7
Let j = -8 - -24. Suppose -6 - 8 = -2*x - 4*g, 0 = 4*x - 4*g - j. List the prime factors of x.
5
Let v(g) = 4*g**2 - 6*g - 11*g - 11 - 3*g**2 + 3*g. Let a be v(15). Suppose 4*j = -4*u + 16, -3*u - 52 = -a*j - 15. List the prime factors of j.
7
Suppose 2216 = 21*m - 17*m - 3*g, -3*m = g - 1649. List the prime factors of m.
19, 29
Suppose 7 + 1 = 4*u. Let i be 7 + -3 + 1 - u. Suppose 152 = 4*w - i*t, -51 = -2*w + 2*t + 25. List the prime factors of w.
2, 19
Let z(t) = 340*t - 256. What are the prime factors of z(10)?
2, 3, 131
Let r = 644 + -429. What are the prime factors of r?
5, 43
Suppose a + 4268 = 5*z, 7*z - 2751 = -5*a + 3205. What are the prime factors of z?
853
Suppose -4*q - 2*v - 56 = 0, 76 = -2*q - 3*q - v. Let b(h) = -h**3 + 9*h**2 + 3*h. Let c be b(9). Let l = q + c. List the prime factors of l.
11
Let s = 108 + -189. Let h = s + 117. What are the prime factors of h?
2, 3
Suppose -5*u = -2*u. Suppose u = 4*q - 6*q. Suppose q = 4*y - 44 - 20. What are the prime factors of y?
2
Let m be 3/(-6) - 5/20*-14. Let k = 6 - -3. Suppose -2*o + m*o - k = 0. What are the prime factors of o?
3
Suppose 6*g + 139 = -125. Let s be ((-26)/(-8))/(1/g). Let w = s + 214. What are the prime factors of w?
71
Let b be ((-26)/(-4))/((-1)/(-14)). Suppose -192 = 18*r - 22*r. Let k = b - r. List the prime factors of k.
43
Suppose -u + 261 = -n - 5*u, 0 = -5*n - u - 1267. Let d = n + 138. Let p = d + 178. What are the prime factors of p?
3, 7
Let d(f) = -39*f - 37. List the prime factors of d(-27).
2, 127
Suppose n = 2*n - 2*k - 13, 0 = 2*n - 5*k - 29. Suppose -1907 - 1271 = -n*g. Suppose -144 = 5*i - g. What are the prime factors of i?
2, 31
Suppose 4*x - 12 = 2*k, -9*x - 3*k = -4*x + 7. Let f(y) = 255*y - 3. What are the prime factors of f(x)?
2, 3, 7
Let r = 270 - 74. What are the prime factors of r?
2, 7
Let z = 1682 - 856. List the prime factors of z.
2, 7, 59
Suppose -s = 5*t + 4*s - 360, -2 = s. Let y = 142 - t. Let q = 96 - y. What are the prime factors of q?
2, 7
Let i(o) = -o**2 - 4*o. Let s be i(-4). Suppose s = -7*g + 4*g + j + 45, -4*g = 4*j - 76. Suppose 0 = -6*t + 130 - g. List the prime factors of t.
19
Suppose b = -3*o + 755, -5*b + 2*o + 2606 = -1169. List the prime factors of b.
5, 151
List the prime factors of -81*(-1)/(-3)*-17.
3, 17
Let a(m) = 3*m**3 - 13*m**2 - 8*m - 13. Let v(w) = -w**3 + w**2 + 1. Let q(o) = a(o) + 5*v(o). What are the prime factors of q(-5)?
2, 41
Let j = 96 - 87. Let c(n) = 22*n + 19. What are the prime factors of c(j)?
7, 31
Let x(g) = g**3 - 12*g**2 + 14*g - 20. Let f be x(11). Suppose 1288 = f*q - 675. What are the prime factors of q?
151
Suppose 0 = -2*b - 9 - 21. Let s = 101 + b. List the prime factors of s.
2, 43
Suppose -10 = 2*n, 0 = -3*s - 4*n + 7*n + 5370. List the prime factors of s.
3, 5, 7, 17
Suppose 365 = 5*s + 5*m, -4*s - s + 341 = -m. Let u = 64 + s. List the prime factors of u.
7, 19
Suppose -3*p + p - 4*c - 16 = 0, -p - 4*c = 16. Suppose -4*f - 4*q = -24, p*f - 4*f = 5*q - 24. What are the prime factors of f?
2, 3
List the prime factors of (176/(-24))/(-11)*639.
2, 3, 71
Let h be 0/((-4 + 2)/1) - -8. What are the prime factors of (-78)/(-104) + 2018/h?
11, 23
Let l(g) = 7*g + 73 - 69 - 2*g. Let y be l(-10). Let i = y + 94. What are the prime factors of i?
2, 3
Let p(c) = 5*c**2 - 21*c - 2. Let x(w) = 4*w**2 - 20*w - 2. Let v(t) = 4*p(t) - 3*x(t). What are the prime factors of v(6)?
2, 71
Let t = 180 - 127. Let j be (-64)/(-28) + 2/(-7). Suppose d = 4*y + 34, -y + 20 = -j*d + t. What are the prime factors of d?
2, 7
List the prime factors of 1467/((-25)/(-15)*(-36)/(-40)).
2, 3, 163
Suppose 0 = -24*b + 56*b - 37792. What are the prime factors of b?
1181
Let l(y) = 10*y**3 + 3*y + 2. Let m be l(-1). Let f(i) be the first derivative of -i**3/3 - 13*i**2/2 - 2. List the prime factors of f(m).
2, 11
Let i be 1*20*3/4. Suppose -3*y + 5*b - 5 = -2*y, 4*b = -3*y + 80. Let x = y - i. What are the prime factors of x?
5
Suppose 8106 + 3699 = 5*r. What are the prime factors of r?
3, 787
Let v(r) = -112*r - 482. What are the prime factors of v(-18)?
2, 13, 59
Suppose 7*q - 2*q = -3*i - 74, 5*i - 5*q = -70. Let f be i/(-63) - 26/(-7). Suppose f*w - 2*w = 20. What are the prime factors of w?
2, 5
Suppose 6*h + 210 = h. Let g = h + 96. What are the prime factors of g?
2, 3
Suppose 961 = 5*c - 2*q, -3*c + 3*q - q = -575. List the prime factors of c.
193
Let h(o) = o**2 - 2*o + 1. Let m be h(3). Let k be (-83)/m - (-1)/(-4). What are the prime factors of 4/14 - 246/k?
2, 3
List the prime factors of 3726 - -5*88/(-40).
5, 743
Suppose -43 = -4*k + h, -3*k + 2*k + 16 = -2*h. Let m(z) = z - 7. Let i be m(k). Suppose -6*f + 30 = -i*f. What are the prime factors of f?
2, 5
Let h(l) = 4*l + 17. Let f be h(-5). What are the prime factors of 292/4 + 1 + f + 5?
2, 19
Let u = -269 + 706. What are the prime factors of u?
19, 23
Let j be (-4 + 3)*(1 - 449). Suppose 7*q + 0*q - j = 0. List the prime factors of q.
2
Let d(o) = 0*o + 4*o + 3*o**2 - o**3 + 16 + 12*o**2 - 3*o. Let p be d(15). Suppose -20 = -3*l + p. List the prime factors of l.
17
Suppose -2*k + 13 + 21 = 0. Suppose 18 + k = 5*f. Suppose 0 = v - f - 0. List the prime 